ulate the highest common divisor of 4120 and 1643980.
20
Calculate the highest common factor of 455 and 81205915.
35
What is the highest common factor of 1396044 and 304?
76
Calculate the greatest common factor of 5265 and 11983452.
39
What is the greatest common factor of 2910 and 23572552?
194
Calculate the greatest common divisor of 33141806 and 2414.
2414
What is the highest common factor of 815312 and 6?
2
What is the highest common divisor of 2275700 and 252?
28
Calculate the greatest common divisor of 4291768 and 156600.
232
What is the highest common divisor of 1179082 and 13978?
58
What is the highest common divisor of 2214 and 9841722?
246
What is the highest common factor of 6817038 and 97408?
1522
Calculate the highest common divisor of 1216 and 656716.
76
Calculate the highest common divisor of 49166 and 468702.
26
Calculate the highest common factor of 56844765 and 13320.
1665
What is the greatest common factor of 21403250 and 100?
50
What is the highest common divisor of 252 and 176185800?
252
What is the highest common factor of 5076540 and 1160?
20
Calculate the greatest common divisor of 2784 and 11919.
87
What is the highest common divisor of 180 and 6400812?
12
What is the greatest common divisor of 1565580 and 1940970?
2910
Calculate the greatest common factor of 20095 and 2060.
5
Calculate the highest common divisor of 1728 and 6640974.
54
What is the greatest common factor of 17596 and 2565364?
332
Calculate the greatest common divisor of 687092 and 17914.
106
What is the highest common factor of 89 and 8962211?
89
What is the greatest common factor of 681 and 36838695?
681
What is the greatest common factor of 8786 and 2499088?
46
What is the greatest common factor of 36 and 67383846?
18
Calculate the greatest common factor of 32 and 81295856.
16
Calculate the greatest common divisor of 2417 and 106592117.
2417
What is the greatest common factor of 6186648 and 1185?
237
What is the greatest common factor of 501900 and 130972?
956
Calculate the highest common divisor of 1422 and 8513514.
1422
Calculate the greatest common divisor of 600596 and 11.
1
Calculate the highest common divisor of 140956178 and 352.
22
Calculate the highest common divisor of 327170 and 2690.
10
What is the highest common factor of 43 and 21153936?
43
Calculate the greatest common divisor of 69438786 and 178986.
7782
What is the highest common factor of 62 and 2663365?
31
Calculate the greatest common divisor of 605 and 40105.
5
What is the highest common factor of 1937808 and 9171?
9
What is the greatest common divisor of 8208 and 5692590?
342
What is the greatest common factor of 639969 and 1116753?
1419
What is the greatest common divisor of 21357068 and 30632?
2188
Calculate the highest common factor of 2 and 1403987.
1
Calculate the greatest common factor of 2417545 and 9295.
845
Calculate the greatest common divisor of 29915600 and 39.
13
Calculate the highest common divisor of 169202858 and 506.
506
What is the greatest common divisor of 73929611 and 33656?
4207
What is the greatest common divisor of 19402282 and 1110?
74
What is the highest common factor of 101960 and 218272?
8
Calculate the greatest common divisor of 745178 and 679.
7
What is the greatest common factor of 384 and 3811904?
64
Calculate the greatest common divisor of 23915 and 2320.
5
What is the highest common divisor of 119 and 106114?
17
What is the greatest common divisor of 4912528 and 1248?
16
What is the highest common factor of 79310273 and 11368?
1421
What is the highest common divisor of 1394378 and 26071?
841
What is the highest common divisor of 1757243 and 131207?
179
What is the greatest common divisor of 9061 and 66584?
41
Calculate the highest common divisor of 297408 and 389904.
48
What is the greatest common divisor of 312472979 and 13?
13
What is the greatest common factor of 2694832 and 2128?
112
Calculate the greatest common factor of 3613091490 and 342.
342
Calculate the highest common factor of 71417 and 9645496.
4201
What is the greatest common factor of 2639895 and 2460?
15
Calculate the greatest common factor of 40 and 19109350.
10
Calculate the greatest common divisor of 36 and 16841754.
18
What is the greatest common factor of 97746 and 11616?
66
What is the greatest common divisor of 58480438 and 1130?
226
Calculate the highest common factor of 42506 and 55226.
106
Calculate the greatest common divisor of 929026 and 2037.
7
Calculate the greatest common factor of 41439 and 128307.
57
What is the highest common divisor of 761973 and 9671?
509
What is the greatest common divisor of 14648630 and 20?
10
Calculate the highest common factor of 17784 and 23340564.
468
Calculate the highest common factor of 58 and 1855907954.
58
Calculate the highest common factor of 643 and 29976660.
643
What is the greatest common divisor of 3440502 and 67338?
1566
What is the highest common factor of 504 and 880317?
9
Calculate the highest common divisor of 38026500 and 675.
75
What is the greatest common factor of 8960643 and 4464?
279
Calculate the greatest common divisor of 3735 and 795653355.
1245
Calculate the greatest common factor of 33 and 18743967.
33
Calculate the greatest common factor of 4684875 and 403.
403
What is the greatest common divisor of 90735 and 5640?
15
Calculate the highest common factor of 6016 and 376094.
94
Calculate the highest common divisor of 882 and 6608658.
42
What is the highest common factor of 34155234 and 54?
18
What is the highest common factor of 2705920 and 8614550?
10570
What is the greatest common divisor of 446375 and 210689?
3571
What is the highest common factor of 1350 and 948975?
75
What is the highest common factor of 5823826 and 186256?
3326
What is the highest common divisor of 1032 and 40887496?
344
What is the greatest common factor of 19443276 and 2304?
36
Calculate the greatest common factor of 12524203 and 167349.
613
Calculate the greatest common divisor of 1464 and 29645268.
732
What is the greatest common divisor of 570 and 6920826?
114
What is the highest common factor of 19400 and 776200?
200
Calculate the greatest common divisor of 118048734 and 841.
29
Calculate the greatest common divisor of 3384 and 2724637.
47
Calculate the highest common divisor of 200 and 82598860.
20
What is the highest common factor of 62 and 48966887?
31
Calculate the highest common divisor of 841484 and 820.
164
What is the highest common factor of 279336 and 222?
6
Calculate the greatest common factor of 33297 and 195459.
33
What is the greatest common divisor of 1147384 and 121912?
392
What is the greatest common factor of 22100 and 347425?
325
What is the greatest common divisor of 609 and 4158?
21
Calculate the highest common divisor of 1043050 and 5888.
46
What is the highest common divisor of 41317360 and 128495?
4145
What is the highest common divisor of 15765968 and 967?
967
Calculate the greatest common factor of 393579937 and 17.
17
Calculate the highest common divisor of 39271424 and 9216.
1024
What is the greatest common factor of 83226 and 7598786?
2522
What is the greatest common divisor of 6555 and 22877985?
345
What is the greatest common divisor of 2876930 and 24528?
1022
Calculate the greatest common factor of 2221256 and 48.
8
What is the greatest common divisor of 42 and 14698222?
14
Calculate the highest common factor of 17538864 and 112.
112
Calculate the highest common factor of 91595 and 10675.
35
What is the highest common divisor of 4 and 29794702?
2
What is the greatest common factor of 116479690 and 1634?
1634
What is the greatest common divisor of 125944936 and 8944?
4472
Calculate the highest common factor of 46328 and 872.
8
What is the highest common divisor of 4485 and 2452320?
195
Calculate the highest common factor of 152 and 31480492.
76
Calculate the greatest common factor of 14849772 and 4284.
1428
What is the greatest common factor of 210 and 2679348?
42
What is the highest common factor of 972 and 192708?
36
Calculate the greatest common factor of 96 and 5714544.
48
What is the highest common factor of 11475 and 366876?
27
What is the highest common divisor of 53212 and 1098796?
212
Calculate the highest common factor of 201 and 266773431.
201
Calculate the greatest common divisor of 4